)*f/(-9)?
11
Let k(z) = -z**3 - 4*z**2 - 2*z + 1. Let g be k(-3). Let y be (-71)/g - 4/8. Suppose 0 = p - 6*p + y. What is the remainder when 26 is divided by p?
5
Suppose 3*s = 33 + 6. Calculate the remainder when 37 is divided by s.
11
Let p(d) = 4*d. Let h be p(-2). Let t = h + 23. What is the remainder when t is divided by (6 - 8) + 9 + 1?
7
Let r(z) = z**2 - z - 9. What is the remainder when 4 is divided by r(4)?
1
Let z(p) = p**2 + 3*p - 2. What is the remainder when z(3) is divided by 10?
6
Let d(z) = z**3 + 10*z**2 - 16*z - 9. Let w be d(-11). Let h = 97 - w. What is the remainder when h is divided by 26?
25
Let j(r) = -r**3 + 4*r**2 - 2*r - 2. Let n be j(2). Suppose -27 = -n*f - 4*q + 41, 0 = f - 5*q - 55. Calculate the remainder when f is divided by 14.
12
Let i = -26 - -29. Calculate the remainder when i is divided by 2.
1
What is the remainder when 115 is divided by (1/(-1))/((-16)/640)?
35
Suppose -i = -6*i + 20. Suppose -i*t + 7*t = 39. Calculate the remainder when 63 is divided by t.
11
Let d = 41 - 29. Let h(q) = -5*q**3 - q**2 + 2*q + 3. Calculate the remainder when h(-2) is divided by d.
11
Let d = 131 - 68. What is the remainder when d is divided by 2 + -1 + 1*21?
19
Let c(k) = k**3 + 5*k**2 - 6*k - 6. What is the remainder when 93 is divided by c(-5)?
21
Suppose -5*c + 62 = -23. What is the remainder when c is divided by 216/22 - 4/(-22)?
7
Let w(h) = -h - 2. Let p be w(-5). Suppose 0 = -p*o + o + 14. Let u = 9 + 3. Calculate the remainder when u is divided by o.
5
Suppose -2*k = 3*k - 20. Let w = k + -5. Let m(l) = -16*l - 1. Calculate the remainder when 44 is divided by m(w).
14
Let g = 27 + -14. Calculate the remainder when 23 is divided by g.
10
Suppose 3 = -f - 0*f. Let n = 1 + f. What is the remainder when 4 is divided by (-4)/(-6)*(1 - n)?
0
Let x = 49 - 6. Suppose x = 2*u + m, 0 = 2*u - 4*u + 2*m + 34. What is the remainder when u is divided by (-1)/(3/(-21) - 0)?
6
Let l(k) = -k - 1. Let g(m) = -m**2 + 13*m - 1. Let a(v) = g(v) + 4*l(v). What is the remainder when 38 is divided by a(6)?
12
Let k be 1/2 - 57/(-6). Suppose -2*v = -4*t, -5*v - 3*t + k = -8*t. Calculate the remainder when 9 is divided by v.
1
Suppose 0*b = -5*b + 70. Suppose 3*f - 2*m = 10, -f - m - 4 = -2*f. Suppose -5*c = -f*c - 159. Calculate the remainder when c is divided by b.
11
Let r(o) = -4*o**3 + 2*o + 1. Let t be r(-1). Suppose -28 = -2*k + 4*y, -k - t*y + 3 + 1 = 0. Calculate the remainder when 18 is divided by k.
8
Let i(t) = -5*t + 1 - 8*t + 0. Calculate the remainder when 40 is divided by i(-1).
12
Let o = -83 + 92. Calculate the remainder when 42 is divided by o.
6
Suppose -8 = 2*z, -16 = -3*c + 2*z - z. What is the remainder when c is divided by 4?
0
Let m = -2 + 3. Let n(r) = 3*r. What is the remainder when 5 is divided by n(m)?
2
Let z = 445 - 313. What is the remainder when z is divided by 34?
30
Suppose -13*p + 8*p + 150 = 0. Suppose 2*n = 5*m + n + 120, n + 5 = 0. What is the remainder when 16 is divided by (1 - 6)*p/m?
4
Let r(g) = -g**3 + 7*g**2 - 4*g - 4. What is the remainder when 36 is divided by r(6)?
4
Suppose -4*g - c = -8, 5*c = -4*g + 6*c + 16. Suppose -4*l + 414 = g*q, 0*q + 95 = l + 5*q. Calculate the remainder when 62 is divided by (l/20)/((-1)/(-4)).
20
Suppose -28 = -3*q + q. Calculate the remainder when 51 is divided by q.
9
Let k = -107 + 121. Calculate the remainder when 22 is divided by k.
8
Let f = 28 + -9. Suppose 10*q = 12*q - 110. Calculate the remainder when q is divided by f.
17
Let y = 61 - 55. What is the remainder when 20 is divided by y?
2
Suppose -d + n = 1 - 18, 0 = 4*d - 2*n - 64. Let t = -48 - -91. Calculate the remainder when t is divided by d.
13
Let l be 4/6*(6 + -3). Let s(h) = 7*h. Suppose -4*x = -5*o + 40, 5*o + 3*x - 24 = 2*o. What is the remainder when s(l) is divided by o?
6
Suppose 4*q - 180 = -8. What is the remainder when q is divided by 15?
13
Suppose 2*y = 2*p, 0 = -2*y + 3*p + 2*p - 12. Calculate the remainder when 31 is divided by y.
3
Calculate the remainder when 43 is divided by 3/(-4 + (-190)/(-46)).
20
Suppose 0 = -4*m - 16, 2*z - 3*m + m - 12 = 0. Suppose 60 - 200 = z*y. What is the remainder when y/(-1)*6/15 is divided by 15?
13
Let t(z) = -z**3 + 6*z**2 - 4*z - 3. What is the remainder when t(4) is divided by 5?
3
Let d be (-24)/(-15)*(-10)/(-4). Let c(t) = -9*t + 1. Let n be c(1). Let b = d - n. Calculate the remainder when b is divided by 7.
5
Suppose 26 = 4*z - 5*p + 4, 10 = 2*z - 2*p. Suppose 0*l + z*f - 47 = -2*l, 20 = 4*f. What is the remainder when 47 is divided by l?
15
Suppose 4*i + 32 = 8. Let c(x) = -x**3 - 6*x**2 + 5. Let f be c(i). Suppose o - f*y + 0 - 10 = 0, -2*y + 8 = 0. Calculate the remainder when o is divided by 11.
8
Let c(v) = 4*v + 4. Let n be c(3). Suppose 0 = -3*i + 7*i - n. Suppose o + 4*o = -i*u + 188, -o = -2*u + 108. What is the remainder when u is divided by 18?
16
Let s(f) = -15*f - 2. Let c = 12 - 8. Suppose w + 0 + 2 = -c*x, 0 = -2*w - 2*x - 4. Calculate the remainder when s(w) is divided by 15.
13
Let r = 19 + -15. What is the remainder when (11/(-2))/((-1)/2) is divided by r?
3
Suppose -4*c = 2*n - 96, n + 4*c - 38 - 12 = 0. What is the remainder when n is divided by 16?
14
Let m(v) = 49*v - 1. Let p be m(1). Suppose z - 5*z + p = 0. What is the remainder when 22 is divided by z?
10
Suppose 549 = 14*v - 5*v. What is the remainder when v is divided by 22?
17
Calculate the remainder when 27 is divided by 16/32*(19 - -1).
7
Suppose 6*m - 38 = 46. Calculate the remainder when 95 is divided by m.
11
Let f = -10 + 1. Let l be (3 - 2)/((-1)/(-13)). Let r = l + f. What is the remainder when 6 is divided by r?
2
Suppose 4*r - 39 - 17 = 0. Calculate the remainder when 52 is divided by r.
10
Let h = -28 - -55. Calculate the remainder when h is divided by (-90)/(-9) + (0 - 0).
7
Let a = -24 + 27. Calculate the remainder when a is divided by 3.
0
Suppose -5*k - 5*r = -3*k + 13, k + 2*r + 5 = 0. Let o = 2 - -1. Calculate the remainder when 15*(3/k)/9 is divided by o.
2
Suppose 3*i - 218 = 88. Calculate the remainder when i is divided by 35.
32
Suppose -13 = -4*s - 1, -495 = -4*q - s. What is the remainder when q is divided by 25?
23
What is the remainder when -1*(-5 - (33 + -1)) is divided by 5?
2
Suppose 0*g - 3*g + 4*d + 216 = 0, 5*g - 5*d - 355 = 0. What is the remainder when g is divided by 23?
22
Suppose 98 = 3*c + 4*z, -c - 2 + 44 = -z. What is the remainder when c is divided by 8?
6
Calculate the remainder when 0 + 4 - (-6 + 1) is divided by 3.
0
Let x(a) = -a**3 + 11*a**2 - 9*a + 2. What is the remainder when 45 is divided by x(10)?
9
What is the remainder when 82 is divided by (8 + -2)*42/12?
19
Let w(u) = -u - 1. Let x be w(0). Let a(b) = b - 2. Let j be a(3). What is the remainder when 17 is divided by (j - x) + -4 - -8?
5
Let u be 1/1 - (3 - -3). Let q(g) = g**2 - 2*g - 6. Let z(a) = a**2 + 2*a. What is the remainder when q(u) is divided by z(-5)?
14
Let z(p) = -p**3 - 2*p**2 + 3*p + 2. Calculate the remainder when 2 is divided by z(-3).
0
Suppose u + 4*l - 3*l = 4, 0 = -2*u - 5*l - 7. What is the remainder when 15 is divided by u?
6
Let g(l) = l**2 + 13*l + 32. Calculate the remainder when g(-15) is divided by 19.
5
Suppose -2*v + f + 28 = 2*f, 0 = 3*f - 12. What is the remainder when 47 is divided by v?
11
Suppose 2*v + 4*y + 10 = 0, 5*v - 4*v - 5*y - 23 = 0. Suppose -v*j - 4 = -5*j, -5*j = 4*c - 98. Calculate the remainder when c is divided by 48/(4 - 0) - 0.
10
Suppose 3*q = -2*q - 60. Let c = -6 - -12. Let w = c - q. Calculate the remainder when 34 is divided by w.
16
Let h = -11 + 18. Calculate the remainder when 20 is divided by h.
6
What is the remainder when 15 + -2 + -2 + 0 is divided by 4?
3
Suppose -4*j - 10 + 26 = 0. Suppose j*w - 2*g = -0*w - 52, 5*g + 26 = -3*w. What is the remainder when (45/w)/((-1)/4) is divided by 9?
6
Calculate the remainder when (1 + 32/(-20))*-65 is divided by 20.
19
Suppose -y + 6 = -2*y. Let o(z) = 2*z - 5. What is the remainder when (4/y)/((-4)/42) is divided by o(4)?
1
What is the remainder when 8 is divided by 26/6 - ((-12)/(-9) + -2)?
3
Let g = 58 + -20. What is the remainder when g is divided by 14?
10
Let o(b) = b**3 + 7*b**2 + 3*b - 4. Let s = -269 - -274. Calculate the remainder when o(-6) 